{"id":5739,"date":"2025-11-07T22:28:59","date_gmt":"2025-11-07T22:28:59","guid":{"rendered":"https:\/\/moukat.store\/?post_type=product&#038;p=5739"},"modified":"2025-11-16T23:55:08","modified_gmt":"2025-11-16T23:55:08","slug":"modane-les-contes-de-ndayane","status":"publish","type":"product","link":"https:\/\/moukat.store\/index.php\/product\/modane-les-contes-de-ndayane\/","title":{"rendered":"MODANE les contes de Ndayane"},"content":{"rendered":"","protected":false},"excerpt":{"rendered":"<p><span style=\"font-weight: 400;\">Auteur <\/span><b>MAMADOU SAMB<\/b><\/p>\n<p>Modane est une version illustr\u00e9e extraite du recueil,<br \/>\n\u00abLes contes de Ndayane\u00bb qui est compos\u00e9 de 6 contes en 19 th\u00e8mes. Ces contes sont racont\u00e9s chaque soir autour du feu \u00e0 la grande place, par le grand-p\u00e8re Badara \u00e0 son petit-fils Doudou qui vient passer ses vacances aupr\u00e8s de lui et aux autres enfants du village.<br \/>\nCe merveilleux conte comme les autres vient nourrir notre imaginaire et veut \u00eatre trois choses \u00e0 la fois : un jeu, une \u00e9cole d&rsquo;\u00e9ducation et formation et un centre d&rsquo;apprentissage de l&rsquo;art de la parole.<br \/>\nC&rsquo;est un conte qui met en sc\u00e8ne une jeune princesse imbue de sa personnalit\u00e9 qui r\u00eavait d&rsquo;avoir comme compagnon un homme parfait qui ne pr\u00e9sentait aucun d\u00e9faut.<br \/>\nOn retrouve particuli\u00e8rement dans ce conte sa double fonction: celle de divertir et celle d&rsquo;instruire.<\/p>\n","protected":false},"featured_media":6269,"comment_status":"open","ping_status":"closed","template":"","meta":{"content-type":"","_monsterinsights_skip_tracking":false,"_monsterinsights_sitenote_active":false,"_monsterinsights_sitenote_note":"","_monsterinsights_sitenote_category":0},"product_brand":[],"product_cat":[198],"product_tag":[],"class_list":{"0":"post-5739","1":"product","2":"type-product","3":"status-publish","4":"has-post-thumbnail","6":"product_cat-livre-_de_conte","8":"first","9":"instock","10":"taxable","11":"shipping-taxable","12":"purchasable","13":"product-type-simple"},"aioseo_notices":[],"jetpack_sharing_enabled":true,"_links":{"self":[{"href":"https:\/\/moukat.store\/index.php\/wp-json\/wp\/v2\/product\/5739","targetHints":{"allow":["GET"]}}],"collection":[{"href":"https:\/\/moukat.store\/index.php\/wp-json\/wp\/v2\/product"}],"about":[{"href":"https:\/\/moukat.store\/index.php\/wp-json\/wp\/v2\/types\/product"}],"replies":[{"embeddable":true,"href":"https:\/\/moukat.store\/index.php\/wp-json\/wp\/v2\/comments?post=5739"}],"wp:featuredmedia":[{"embeddable":true,"href":"https:\/\/moukat.store\/index.php\/wp-json\/wp\/v2\/media\/6269"}],"wp:attachment":[{"href":"https:\/\/moukat.store\/index.php\/wp-json\/wp\/v2\/media?parent=5739"}],"wp:term":[{"taxonomy":"product_brand","embeddable":true,"href":"https:\/\/moukat.store\/index.php\/wp-json\/wp\/v2\/product_brand?post=5739"},{"taxonomy":"product_cat","embeddable":true,"href":"https:\/\/moukat.store\/index.php\/wp-json\/wp\/v2\/product_cat?post=5739"},{"taxonomy":"product_tag","embeddable":true,"href":"https:\/\/moukat.store\/index.php\/wp-json\/wp\/v2\/product_tag?post=5739"}],"curies":[{"name":"wp","href":"https:\/\/api.w.org\/{rel}","templated":true}]}}