{"id":6120,"date":"2025-11-11T15:29:52","date_gmt":"2025-11-11T15:29:52","guid":{"rendered":"https:\/\/moukat.store\/?post_type=product&#038;p=6120"},"modified":"2025-11-11T15:29:52","modified_gmt":"2025-11-11T15:29:52","slug":"cest-laid-al-fitr","status":"publish","type":"product","link":"https:\/\/moukat.store\/index.php\/product\/cest-laid-al-fitr\/","title":{"rendered":"C&rsquo;EST L&rsquo;AID AL-FITR"},"content":{"rendered":"","protected":false},"excerpt":{"rendered":"<p><span style=\"font-weight: 400;\">Auteur <\/span><b>IR\u00c8NE REKAD<\/b><\/p>\n<p>C&rsquo;est l&rsquo;A\u00efd al-Fitr, la fin du Ramadan, une joyeuse occasion pour Sheima, Ahmed et les autres \u00e9l\u00e8ves de ma\u00eetresse Salima de d\u00e9corer la salle de classe mais aussi de raconter comment chacun f\u00eate cette merveilleuse journ\u00e9e !<br \/>\nPrends place dans la classe de Ma\u00eetresse Salima et \u00e9coute-la attentivement si tu veux savoir pourquoi l&rsquo;A\u00efd al-Fitr est si important pour les musulmans.<\/p>\n<p>&nbsp;<\/p>\n","protected":false},"featured_media":6002,"comment_status":"open","ping_status":"closed","template":"","meta":{"content-type":"","_monsterinsights_skip_tracking":false,"_monsterinsights_sitenote_active":false,"_monsterinsights_sitenote_note":"","_monsterinsights_sitenote_category":0},"product_brand":[],"product_cat":[207],"product_tag":[],"class_list":{"0":"post-6120","1":"product","2":"type-product","3":"status-publish","4":"has-post-thumbnail","6":"product_cat-livres-religieux","8":"first","9":"instock","10":"taxable","11":"shipping-taxable","12":"purchasable","13":"product-type-simple"},"aioseo_notices":[],"jetpack_sharing_enabled":true,"_links":{"self":[{"href":"https:\/\/moukat.store\/index.php\/wp-json\/wp\/v2\/product\/6120","targetHints":{"allow":["GET"]}}],"collection":[{"href":"https:\/\/moukat.store\/index.php\/wp-json\/wp\/v2\/product"}],"about":[{"href":"https:\/\/moukat.store\/index.php\/wp-json\/wp\/v2\/types\/product"}],"replies":[{"embeddable":true,"href":"https:\/\/moukat.store\/index.php\/wp-json\/wp\/v2\/comments?post=6120"}],"wp:featuredmedia":[{"embeddable":true,"href":"https:\/\/moukat.store\/index.php\/wp-json\/wp\/v2\/media\/6002"}],"wp:attachment":[{"href":"https:\/\/moukat.store\/index.php\/wp-json\/wp\/v2\/media?parent=6120"}],"wp:term":[{"taxonomy":"product_brand","embeddable":true,"href":"https:\/\/moukat.store\/index.php\/wp-json\/wp\/v2\/product_brand?post=6120"},{"taxonomy":"product_cat","embeddable":true,"href":"https:\/\/moukat.store\/index.php\/wp-json\/wp\/v2\/product_cat?post=6120"},{"taxonomy":"product_tag","embeddable":true,"href":"https:\/\/moukat.store\/index.php\/wp-json\/wp\/v2\/product_tag?post=6120"}],"curies":[{"name":"wp","href":"https:\/\/api.w.org\/{rel}","templated":true}]}}