{"id":6121,"date":"2025-11-11T15:50:53","date_gmt":"2025-11-11T15:50:53","guid":{"rendered":"https:\/\/moukat.store\/?post_type=product&#038;p=6121"},"modified":"2025-11-11T15:50:53","modified_gmt":"2025-11-11T15:50:53","slug":"les-conseils-precieux-tires-des-hadiths-qudsi","status":"publish","type":"product","link":"https:\/\/moukat.store\/index.php\/product\/les-conseils-precieux-tires-des-hadiths-qudsi\/","title":{"rendered":"LES CONSEILS PR\u00c9CIEUX TIR\u00c9S DES HAD\u00ceTHS QUDS\u00ce"},"content":{"rendered":"","protected":false},"excerpt":{"rendered":"<p><strong>AL-GHAZ\u00c2L\u00ce<\/strong><\/p>\n<p>Bilingue<\/p>\n<p>Comme aimait \u00e0 le rappeler le Proph\u00e8te es, la Religion repose sur des fondements stables et immuables, c&rsquo;est ce que nous rem\u00e9more ici l&rsquo;im\u00e2m al-Ghaz\u00e2li. Il \u00e9crit en ce sens : All\u00e2h &#8211; exalt\u00e9 soit-Il! &#8211; dit : \u00ab \u00d4 fils d&rsquo;Adam ! Contente-toi [de ce que tu as) et tu seras ind\u00e9pendant [d&rsquo;autrui: l&rsquo;envie el tu trouveras le repos ; \u00e9vite ce qui est illicite et sera pure. Celui qui renonce \u00e0 la m\u00e9disance verra la manifestation de Mon Amour \u00bb. Il s&rsquo;agit l\u00e0 d&rsquo;un livre riche d&rsquo;enseignements qui m\u00e9ritent d&rsquo;\u00eatre m\u00e9dit\u00e9s et transmis. Tres inspir\u00e9s du Saint Coran, ces ah\u00e2dith sont de ce fait miroir \u00e9blouissant de certains versets, que l&rsquo;auteur reprend et commente avec justesse. Il nous rappelle ainsi les cl\u00e9s essentielles pour parvenir \u00e0 la paix int\u00e9rieure.<\/p>\n","protected":false},"featured_media":6004,"comment_status":"open","ping_status":"closed","template":"","meta":{"content-type":"","_monsterinsights_skip_tracking":false,"_monsterinsights_sitenote_active":false,"_monsterinsights_sitenote_note":"","_monsterinsights_sitenote_category":0},"product_brand":[],"product_cat":[207],"product_tag":[],"class_list":{"0":"post-6121","1":"product","2":"type-product","3":"status-publish","4":"has-post-thumbnail","6":"product_cat-livres-religieux","8":"first","9":"instock","10":"taxable","11":"shipping-taxable","12":"purchasable","13":"product-type-simple"},"aioseo_notices":[],"jetpack_sharing_enabled":true,"_links":{"self":[{"href":"https:\/\/moukat.store\/index.php\/wp-json\/wp\/v2\/product\/6121","targetHints":{"allow":["GET"]}}],"collection":[{"href":"https:\/\/moukat.store\/index.php\/wp-json\/wp\/v2\/product"}],"about":[{"href":"https:\/\/moukat.store\/index.php\/wp-json\/wp\/v2\/types\/product"}],"replies":[{"embeddable":true,"href":"https:\/\/moukat.store\/index.php\/wp-json\/wp\/v2\/comments?post=6121"}],"wp:featuredmedia":[{"embeddable":true,"href":"https:\/\/moukat.store\/index.php\/wp-json\/wp\/v2\/media\/6004"}],"wp:attachment":[{"href":"https:\/\/moukat.store\/index.php\/wp-json\/wp\/v2\/media?parent=6121"}],"wp:term":[{"taxonomy":"product_brand","embeddable":true,"href":"https:\/\/moukat.store\/index.php\/wp-json\/wp\/v2\/product_brand?post=6121"},{"taxonomy":"product_cat","embeddable":true,"href":"https:\/\/moukat.store\/index.php\/wp-json\/wp\/v2\/product_cat?post=6121"},{"taxonomy":"product_tag","embeddable":true,"href":"https:\/\/moukat.store\/index.php\/wp-json\/wp\/v2\/product_tag?post=6121"}],"curies":[{"name":"wp","href":"https:\/\/api.w.org\/{rel}","templated":true}]}}