{"id":6126,"date":"2025-11-11T21:10:34","date_gmt":"2025-11-11T21:10:34","guid":{"rendered":"https:\/\/moukat.store\/?post_type=product&#038;p=6126"},"modified":"2025-11-17T01:36:54","modified_gmt":"2025-11-17T01:36:54","slug":"rabia-al-adwiyya-mystique-et-liberte","status":"publish","type":"product","link":"https:\/\/moukat.store\/index.php\/product\/rabia-al-adwiyya-mystique-et-liberte\/","title":{"rendered":"R\u00c2BI&rsquo;A AL &lsquo;ADWIYYA   Mystique et Libert\u00e9"},"content":{"rendered":"","protected":false},"excerpt":{"rendered":"<p>Auteur <strong>ASMA LAMRABET<\/strong><\/p>\n<p><span style=\"font-weight: 400;\">Je suis \u00e0 mon Seigneur, et c&rsquo;est dans Son ombre que je m&rsquo;accomplis et me fonds. Je Lui appartiens tout enti\u00e8re et Il occupe tout mon temps\u00a0\u00bb<\/span><\/p>\n<p><span style=\"font-weight: 400;\">De ses odes exquises \u00e0 ses envol\u00e9es all\u00e9goriques, sans oublier ses s\u00e9v\u00e8res remontrances, R\u00e2bi&rsquo;a est \u00e0 l&rsquo;origine d&rsquo;un discours qui est \u00e0 la fois d&rsquo;une grande complexit\u00e9 et d&rsquo;une \u00e9tonnante actualit\u00e9.<\/span><\/p>\n<p><span style=\"font-weight: 400;\">Femme hors du temps, R\u00e2bi&rsquo;a est pourtant paradoxalement circonscrite par cette l\u00e9gendaire histoire o\u00f9 la tradition populaire vivante tente inlassablement et fatalement de l&rsquo;enfermer &#8211; l&rsquo;histoire d&rsquo;une saintet\u00e9 ing\u00e9nue et inaccessible au commun des mortels.<\/span><\/p>\n<p>&nbsp;<\/p>\n","protected":false},"featured_media":6013,"comment_status":"open","ping_status":"closed","template":"","meta":{"content-type":"","_monsterinsights_skip_tracking":false,"_monsterinsights_sitenote_active":false,"_monsterinsights_sitenote_note":"","_monsterinsights_sitenote_category":0},"product_brand":[],"product_cat":[207],"product_tag":[],"class_list":{"0":"post-6126","1":"product","2":"type-product","3":"status-publish","4":"has-post-thumbnail","6":"product_cat-livres-religieux","8":"first","9":"instock","10":"taxable","11":"shipping-taxable","12":"purchasable","13":"product-type-simple"},"aioseo_notices":[],"jetpack_sharing_enabled":true,"_links":{"self":[{"href":"https:\/\/moukat.store\/index.php\/wp-json\/wp\/v2\/product\/6126","targetHints":{"allow":["GET"]}}],"collection":[{"href":"https:\/\/moukat.store\/index.php\/wp-json\/wp\/v2\/product"}],"about":[{"href":"https:\/\/moukat.store\/index.php\/wp-json\/wp\/v2\/types\/product"}],"replies":[{"embeddable":true,"href":"https:\/\/moukat.store\/index.php\/wp-json\/wp\/v2\/comments?post=6126"}],"wp:featuredmedia":[{"embeddable":true,"href":"https:\/\/moukat.store\/index.php\/wp-json\/wp\/v2\/media\/6013"}],"wp:attachment":[{"href":"https:\/\/moukat.store\/index.php\/wp-json\/wp\/v2\/media?parent=6126"}],"wp:term":[{"taxonomy":"product_brand","embeddable":true,"href":"https:\/\/moukat.store\/index.php\/wp-json\/wp\/v2\/product_brand?post=6126"},{"taxonomy":"product_cat","embeddable":true,"href":"https:\/\/moukat.store\/index.php\/wp-json\/wp\/v2\/product_cat?post=6126"},{"taxonomy":"product_tag","embeddable":true,"href":"https:\/\/moukat.store\/index.php\/wp-json\/wp\/v2\/product_tag?post=6126"}],"curies":[{"name":"wp","href":"https:\/\/api.w.org\/{rel}","templated":true}]}}