{"id":6127,"date":"2025-11-11T21:34:53","date_gmt":"2025-11-11T21:34:53","guid":{"rendered":"https:\/\/moukat.store\/?post_type=product&#038;p=6127"},"modified":"2025-11-17T01:42:09","modified_gmt":"2025-11-17T01:42:09","slug":"la-supplication-de-kumayl","status":"publish","type":"product","link":"https:\/\/moukat.store\/index.php\/product\/la-supplication-de-kumayl\/","title":{"rendered":"La Supplication de kumayl"},"content":{"rendered":"","protected":false},"excerpt":{"rendered":"<p>Auteur <strong>Nabil Badrawi<\/strong><\/p>\n<p><span style=\"font-weight: 400;\">&#8230;\u00ab En se laissant traverser jusqu&rsquo;au tr\u00e9fonds par les Paroles du Proph\u00e8te * et des Awliya&rsquo; on est lentement transform\u00e9s, notre \u00e2me s&rsquo;\u00e9duque par des enseignements directement inspir\u00e9s de la source de la R\u00e9v\u00e9lation. Nos c\u0153urs le savent, eux qui tressaillent devant leurs beaut\u00e9s ineffables. \u00bb<\/span><\/p>\n<p>&nbsp;<\/p>\n","protected":false},"featured_media":6015,"comment_status":"open","ping_status":"closed","template":"","meta":{"content-type":"","_monsterinsights_skip_tracking":false,"_monsterinsights_sitenote_active":false,"_monsterinsights_sitenote_note":"","_monsterinsights_sitenote_category":0},"product_brand":[],"product_cat":[207],"product_tag":[],"class_list":{"0":"post-6127","1":"product","2":"type-product","3":"status-publish","4":"has-post-thumbnail","6":"product_cat-livres-religieux","8":"first","9":"instock","10":"taxable","11":"shipping-taxable","12":"purchasable","13":"product-type-simple"},"aioseo_notices":[],"jetpack_sharing_enabled":true,"_links":{"self":[{"href":"https:\/\/moukat.store\/index.php\/wp-json\/wp\/v2\/product\/6127","targetHints":{"allow":["GET"]}}],"collection":[{"href":"https:\/\/moukat.store\/index.php\/wp-json\/wp\/v2\/product"}],"about":[{"href":"https:\/\/moukat.store\/index.php\/wp-json\/wp\/v2\/types\/product"}],"replies":[{"embeddable":true,"href":"https:\/\/moukat.store\/index.php\/wp-json\/wp\/v2\/comments?post=6127"}],"wp:featuredmedia":[{"embeddable":true,"href":"https:\/\/moukat.store\/index.php\/wp-json\/wp\/v2\/media\/6015"}],"wp:attachment":[{"href":"https:\/\/moukat.store\/index.php\/wp-json\/wp\/v2\/media?parent=6127"}],"wp:term":[{"taxonomy":"product_brand","embeddable":true,"href":"https:\/\/moukat.store\/index.php\/wp-json\/wp\/v2\/product_brand?post=6127"},{"taxonomy":"product_cat","embeddable":true,"href":"https:\/\/moukat.store\/index.php\/wp-json\/wp\/v2\/product_cat?post=6127"},{"taxonomy":"product_tag","embeddable":true,"href":"https:\/\/moukat.store\/index.php\/wp-json\/wp\/v2\/product_tag?post=6127"}],"curies":[{"name":"wp","href":"https:\/\/api.w.org\/{rel}","templated":true}]}}